hat are the prime factors of 679?
7, 97
List the prime factors of 2258.
2, 1129
What are the prime factors of 21742?
2, 7, 1553
What are the prime factors of 22040?
2, 5, 19, 29
What are the prime factors of 152?
2, 19
What are the prime factors of 1040?
2, 5, 13
What are the prime factors of 2132?
2, 13, 41
What are the prime factors of 15232?
2, 7, 17
What are the prime factors of 2454?
2, 3, 409
List the prime factors of 68864.
2, 269
List the prime factors of 8649.
3, 31
What are the prime factors of 292?
2, 73
What are the prime factors of 127150?
2, 5, 2543
List the prime factors of 2903.
2903
List the prime factors of 45457.
131, 347
What are the prime factors of 6510?
2, 3, 5, 7, 31
List the prime factors of 12627.
3, 23, 61
What are the prime factors of 1991?
11, 181
What are the prime factors of 1713?
3, 571
List the prime factors of 736.
2, 23
What are the prime factors of 9993?
3, 3331
What are the prime factors of 1155?
3, 5, 7, 11
What are the prime factors of 2367?
3, 263
List the prime factors of 69874.
2, 7, 23, 31
List the prime factors of 22459.
37, 607
List the prime factors of 92.
2, 23
List the prime factors of 134244.
2, 3, 11, 113
List the prime factors of 10587.
3, 3529
What are the prime factors of 81563?
81563
List the prime factors of 3980.
2, 5, 199
What are the prime factors of 409?
409
List the prime factors of 15666.
2, 3, 7, 373
What are the prime factors of 16576?
2, 7, 37
What are the prime factors of 76236?
2, 3, 6353
List the prime factors of 1399.
1399
What are the prime factors of 154469?
7, 22067
What are the prime factors of 132?
2, 3, 11
What are the prime factors of 1857?
3, 619
List the prime factors of 5247.
3, 11, 53
What are the prime factors of 4765?
5, 953
List the prime factors of 710.
2, 5, 71
What are the prime factors of 1594?
2, 797
What are the prime factors of 606?
2, 3, 101
List the prime factors of 1181.
1181
What are the prime factors of 1969?
11, 179
What are the prime factors of 31659?
3, 61, 173
What are the prime factors of 966?
2, 3, 7, 23
What are the prime factors of 1058?
2, 23
List the prime factors of 54042.
2, 3, 9007
List the prime factors of 535.
5, 107
List the prime factors of 2979.
3, 331
What are the prime factors of 3478?
2, 37, 47
What are the prime factors of 23607?
3, 43, 61
List the prime factors of 2256.
2, 3, 47
What are the prime factors of 1458?
2, 3
What are the prime factors of 43909?
19, 2311
What are the prime factors of 1113?
3, 7, 53
List the prime factors of 1149.
3, 383
What are the prime factors of 2048?
2
What are the prime factors of 10785?
3, 5, 719
What are the prime factors of 6048?
2, 3, 7
What are the prime factors of 591?
3, 197
List the prime factors of 47.
47
List the prime factors of 1669.
1669
List the prime factors of 140187.
3, 83, 563
What are the prime factors of 14149?
14149
List the prime factors of 3572.
2, 19, 47
What are the prime factors of 5217?
3, 37, 47
What are the prime factors of 1347?
3, 449
What are the prime factors of 3644?
2, 911
List the prime factors of 9957.
3, 3319
List the prime factors of 5445.
3, 5, 11
List the prime factors of 12605.
5, 2521
What are the prime factors of 540?
2, 3, 5
List the prime factors of 81290.
2, 5, 11, 739
List the prime factors of 996.
2, 3, 83
What are the prime factors of 32214?
2, 3, 7, 13, 59
What are the prime factors of 773?
773
List the prime factors of 652.
2, 163
What are the prime factors of 45177?
3, 11, 37
List the prime factors of 928.
2, 29
What are the prime factors of 129057?
3, 43019
What are the prime factors of 22363?
11, 19, 107
What are the prime factors of 337?
337
What are the prime factors of 50133?
3, 17, 983
List the prime factors of 21768.
2, 3, 907
List the prime factors of 576.
2, 3
What are the prime factors of 4525?
5, 181
What are the prime factors of 9946?
2, 4973
List the prime factors of 9408.
2, 3, 7
List the prime factors of 8918.
2, 7, 13
What are the prime factors of 48644?
2, 12161
What are the prime factors of 1865?
5, 373
List the prime factors of 835.
5, 167
List the prime factors of 283.
283
List the prime factors of 16481.
16481
What are the prime factors of 224?
2, 7
What are the prime factors of 1798?
2, 29, 31
What are the prime factors of 1385?
5, 277
List the prime factors of 2407.
29, 83
What are the prime factors of 888?
2, 3, 37
List the prime factors of 2438.
2, 23, 53
List the prime factors of 76815.
3, 5, 569
List the prime factors of 5730.
2, 3, 5, 191
What are the prime factors of 14305?
5, 2861
List the prime factors of 25214.
2, 7, 1801
What are the prime factors of 48014?
2, 24007
List the prime factors of 15765.
3, 5, 1051
List the prime factors of 3204.
2, 3, 89
List the prime factors of 26860.
2, 5, 17, 79
What are the prime factors of 6348?
2, 3, 23
What are the prime factors of 7563?
3, 2521
List the prime factors of 5397.
3, 7, 257
List the prime factors of 123117.
3, 41039
List the prime factors of 8092.
2, 7, 17
List the prime factors of 3895.
5, 19, 41
What are the prime factors of 4252?
2, 1063
List the prime factors of 89609.
13, 61, 113
What are the prime factors of 514?
2, 257
List the prime factors of 30468.
2, 3, 2539
List the prime factors of 57071.
7, 31, 263
What are the prime factors of 2433?
3, 811
List the prime factors of 4722.
2, 3, 787
List the prime factors of 3055.
5, 13, 47
List the prime factors of 2162.
2, 23, 47
List the prime factors of 4207.
7, 601
List the prime factors of 143.
11, 13
List the prime factors of 60035.
5, 12007
What are the prime factors of 102672?
2, 3, 23, 31
List the prime factors of 8563.
8563
List the prime factors of 208.
2, 13
What are the prime factors of 41394?
2, 3, 6899
What are the prime factors of 3062?
2, 1531
What are the prime factors of 8035?
5, 1607
What are the prime factors of 1297?
1297
What are the prime factors of 1452?
2, 3, 11
List the prime factors of 15885.
3, 5, 353
What are the prime factors of 595?
5, 7, 17
List the prime factors of 282.
2, 3, 47
What are the prime factors of 17404?
2, 19, 229
What are the prime factors of 2106?
2, 3, 13
What are the prime factors of 1125?
3, 5
List the prime factors of 71710.
2, 5, 71, 101
List the prime factors of 3467.
3467
What are the prime factors of 1401?
3, 467
What are the prime factors of 2581?
29, 89
List the prime factors of 7197.
3, 2399
List the prime factors of 3311.
7, 11, 43
List the prime factors of 22026.
2, 3, 3671
List the prime factors of 6685.
5, 7, 191
What are the prime factors of 83038?
2, 41519
List the prime factors of 637.
7, 13
List the prime factors of 56110.
2, 5, 31, 181
What are the prime factors of 80?
2, 5
List the prime factors of 3428.
2, 857
What are the prime factors of 2610?
2, 3, 5, 29
List the prime factors of 258.
2, 3, 43
What are the prime factors of 6748?
2, 7, 241
What are the prime factors of 826?
2, 7, 59
List the prime factors of 7783.
43, 181
List the prime factors of 773.
773
List the prime factors of 1678.
2, 839
List the prime factors of 11503.
11503
List the prime factors of 2953.
2953
What are the prime factors of 1061?
1061
What are the prime factors of 303?
3, 101
What are the prime factors of 46805?
5, 11, 23, 37
List the prime factors of 27577.
11, 23, 109
What are the prime factors of 514?
2, 257
What are the prime factors of 25080?
2, 3, 5, 11, 19
What are the prime factors of 2372?
2, 593
List the prime factors of 8810.
2, 5, 881
List the prime factors of 2297.
2297
List the prime factors of 1408.
2, 11
List the prime factors of 16864.
2, 17, 31
What are the prime factors of 3288?
2, 3, 137
List the prime factors of 85314.
2, 3, 59, 241
List the prime factors of 2183.
37, 59
List the prime factors of 14165.
5, 2833
List the prime factors of 35737.
13, 2749
List the prime factors of 33817.
7, 4831
What are the prime factors of 1993?
1993
What are the prime factors of 76114?
2, 19, 2003
What are the prime factors of 30360?
2, 3, 5, 11, 23
List the prime factors of 132.
2, 3, 11
What are the prime factors of 2517?
3, 839
List the prime factors of 220.
2, 5, 11
What are the prime factors of 2196?
2, 3, 61
What are the prime factors of 20709?
3, 13, 59
List the prime factors of 1782.
2, 3, 11
What are the prime factors of 14706?
2, 3, 19, 43
List the pri